{"id":490,"date":"2019-03-21T02:31:06","date_gmt":"2019-03-21T02:31:06","guid":{"rendered":"http:\/\/hccomex.com.br\/?page_id=490"},"modified":"2019-03-21T02:31:06","modified_gmt":"2019-03-21T02:31:06","slug":"azeitonas","status":"publish","type":"page","link":"https:\/\/lebimportadora.com.br\/index.php\/produtos\/azeitonas\/","title":{"rendered":"Azeitonas"},"content":{"rendered":"\t<section class=\"section\" id=\"section_363252054\">\n\t\t<div class=\"bg section-bg fill bg-fill  bg-loaded\" >\n\n\t\t\t\n\t\t\t\n\t\t\t\n\n\t\t<\/div><!-- .section-bg -->\n\n\t\t<div class=\"section-content relative\">\n\t\t\t\n<div class=\"container section-title-container\" ><h3 class=\"section-title section-title-center\"><b><\/b><span class=\"section-title-main\" >azeitonas<\/span><b><\/b><\/h3><\/div><!-- .section-title -->\n<div class=\"row row-collapse row-full-width align-middle align-center\"  id=\"row-1141961538\">\n<div class=\"col medium-8 small-12 large-8\"  ><div class=\"col-inner text-center\"  >\n<p>A Jer\u00f3nimos \u00e9 um sin\u00f3nimo de confian\u00e7a e qualidade. A marca remonta a 1792 e tem uma longa tradi\u00e7\u00e3o. Possui uma gama de produtos auxiliares de cozinha.<\/p>\n<\/div><\/div>\n\n<style scope=\"scope\">\n\n<\/style>\n<\/div>\n<div class=\"row row-small row-full-width align-middle align-center\"  id=\"row-149247972\">\n<div class=\"col medium-4 small-12 large-4\"  ><div class=\"col-inner text-center\"  >\n\t<div class=\"img has-hover x md-x lg-x y md-y lg-y\" id=\"image_332274836\">\n\t\t\t\t\t\t\t\t<div class=\"img-inner dark\" >\n\t\t\t<img loading=\"lazy\" decoding=\"async\" width=\"257\" height=\"497\" src=\"https:\/\/lebimportadora.com.br\/wp-content\/uploads\/2019\/03\/AzeitonaPreta.jpg\" class=\"attachment-large size-large\" alt=\"\" srcset=\"https:\/\/lebimportadora.com.br\/wp-content\/uploads\/2019\/03\/AzeitonaPreta.jpg 257w, https:\/\/lebimportadora.com.br\/wp-content\/uploads\/2019\/03\/AzeitonaPreta-155x300.jpg 155w\" sizes=\"(max-width: 257px) 100vw, 257px\" \/>\t\t\t\t\t\t\n\t\t\t\t\t<\/div>\n\t\t\t\t\t\t\t\t\n<style scope=\"scope\">\n\n#image_332274836 {\n  width: 60%;\n}\n<\/style>\n\t<\/div>\n\t\n<p>Azeitonas Pretas Oxidadas Inteiras<\/br>Jer\u00f3nimos<\/p>\n<\/div><\/div>\n<div class=\"col medium-4 small-12 large-4\"  ><div class=\"col-inner text-center\"  >\n\t<div class=\"img has-hover x md-x lg-x y md-y lg-y\" id=\"image_1581318931\">\n\t\t\t\t\t\t\t\t<div class=\"img-inner dark\" >\n\t\t\t<img loading=\"lazy\" decoding=\"async\" width=\"257\" height=\"497\" src=\"https:\/\/lebimportadora.com.br\/wp-content\/uploads\/2019\/03\/AzeitonasVerdesInteiras.jpg\" class=\"attachment-large size-large\" alt=\"\" srcset=\"https:\/\/lebimportadora.com.br\/wp-content\/uploads\/2019\/03\/AzeitonasVerdesInteiras.jpg 257w, https:\/\/lebimportadora.com.br\/wp-content\/uploads\/2019\/03\/AzeitonasVerdesInteiras-155x300.jpg 155w\" sizes=\"(max-width: 257px) 100vw, 257px\" \/>\t\t\t\t\t\t\n\t\t\t\t\t<\/div>\n\t\t\t\t\t\t\t\t\n<style scope=\"scope\">\n\n#image_1581318931 {\n  width: 60%;\n}\n<\/style>\n\t<\/div>\n\t\n<p>Azeitonas Verdes Inteiras<\/br>Jer\u00f3nimos<\/p>\n<\/div><\/div>\n<div class=\"col medium-4 small-12 large-4\"  ><div class=\"col-inner text-center\"  >\n\t<div class=\"img has-hover x md-x lg-x y md-y lg-y\" id=\"image_1800764885\">\n\t\t\t\t\t\t\t\t<div class=\"img-inner dark\" >\n\t\t\t<img loading=\"lazy\" decoding=\"async\" width=\"257\" height=\"497\" src=\"https:\/\/lebimportadora.com.br\/wp-content\/uploads\/2019\/03\/AzeitonasVerdesRecheadas.jpg\" class=\"attachment-large size-large\" alt=\"\" srcset=\"https:\/\/lebimportadora.com.br\/wp-content\/uploads\/2019\/03\/AzeitonasVerdesRecheadas.jpg 257w, https:\/\/lebimportadora.com.br\/wp-content\/uploads\/2019\/03\/AzeitonasVerdesRecheadas-155x300.jpg 155w\" sizes=\"(max-width: 257px) 100vw, 257px\" \/>\t\t\t\t\t\t\n\t\t\t\t\t<\/div>\n\t\t\t\t\t\t\t\t\n<style scope=\"scope\">\n\n#image_1800764885 {\n  width: 60%;\n}\n<\/style>\n\t<\/div>\n\t\n<p>Azeitonas Verdes Recheadas <\/br>com Pasta de Pimento<\/br>Jer\u00f3nimos<\/p>\n<\/div><\/div>\n\n<style scope=\"scope\">\n\n<\/style>\n<\/div>\n\t\t<\/div><!-- .section-content -->\n\n\t\t\n<style scope=\"scope\">\n\n#section_363252054 {\n  padding-top: 50px;\n  padding-bottom: 50px;\n}\n<\/style>\n\t<\/section>\n\t\n","protected":false},"excerpt":{"rendered":"","protected":false},"author":3,"featured_media":0,"parent":158,"menu_order":0,"comment_status":"closed","ping_status":"closed","template":"page-blank.php","meta":{"footnotes":""},"_links":{"self":[{"href":"https:\/\/lebimportadora.com.br\/index.php\/wp-json\/wp\/v2\/pages\/490"}],"collection":[{"href":"https:\/\/lebimportadora.com.br\/index.php\/wp-json\/wp\/v2\/pages"}],"about":[{"href":"https:\/\/lebimportadora.com.br\/index.php\/wp-json\/wp\/v2\/types\/page"}],"author":[{"embeddable":true,"href":"https:\/\/lebimportadora.com.br\/index.php\/wp-json\/wp\/v2\/users\/3"}],"replies":[{"embeddable":true,"href":"https:\/\/lebimportadora.com.br\/index.php\/wp-json\/wp\/v2\/comments?post=490"}],"version-history":[{"count":0,"href":"https:\/\/lebimportadora.com.br\/index.php\/wp-json\/wp\/v2\/pages\/490\/revisions"}],"up":[{"embeddable":true,"href":"https:\/\/lebimportadora.com.br\/index.php\/wp-json\/wp\/v2\/pages\/158"}],"wp:attachment":[{"href":"https:\/\/lebimportadora.com.br\/index.php\/wp-json\/wp\/v2\/media?parent=490"}],"curies":[{"name":"wp","href":"https:\/\/api.w.org\/{rel}","templated":true}]}}